s the remainder when 33 is divided by g?
16
Suppose 24 - 102 = -4*v - 5*r, 0 = 2*r + 4. Calculate the remainder when 85 is divided by v.
19
Let p = -32 + 87. Calculate the remainder when p is divided by 20.
15
Let m = 11 + -6. Suppose 0 = x + 3*x, o = -m*x + 11. Calculate the remainder when o is divided by (5 - 9)*(-3)/3.
3
Let k(g) = -g**2 + 7*g - 4. Let o be k(6). Suppose -5*v = -o*v - 42. Let f(u) = 9*u + 4. Calculate the remainder when f(4) is divided by v.
12
Let u(g) = -g**2 + 5*g - 3. Let v be u(3). Suppose -v*c + c = -4, 3*c = f. Calculate the remainder when 16 is divided by f.
4
Let o = -5 - -7. Suppose 4*h + 3*i - 48 = o*h, 67 = 3*h + 2*i. Suppose 3*l + u = 31, -3*u - 75 = -16*l + 11*l. Calculate the remainder when h is divided by l.
9
Let c(y) = 33*y + 7. Calculate the remainder when c(3) is divided by 27.
25
Suppose -3 = -2*c + 1. Calculate the remainder when (2 + -1)/(c/42) is divided by 8.
5
What is the remainder when 1 - 4/6 - 1771/(-33) is divided by 11?
10
Let l(n) = n + 2. Suppose -2*s = -6*s + 4. Suppose f - s - 4 = 0. Calculate the remainder when f is divided by l(1).
2
Let h = 15 - 4. Suppose -3*o + 1 = -h. What is the remainder when 7 is divided by o?
3
Suppose -5*h = 18 - 78. Suppose 0 = 5*f + h + 3. What is the remainder when 23 is divided by 10 - (f + (1 - 1))?
10
Let z = -95 + 142. Calculate the remainder when z is divided by 24.
23
Suppose -8*l = -10*l + 16. Suppose 6*w - 2*w - 4*i = 32, w - l = -4*i. Calculate the remainder when 29 is divided by w.
5
Suppose 0 = f + 6 - 8. Calculate the remainder when 5 is divided by f.
1
Let x = 51 + -16. Let f = x + -7. Let g(v) = 15*v**2 - v + 1. Calculate the remainder when f is divided by g(1).
13
Let f = -29 - -12. Let r = -1 - f. Suppose -4*x + r = -0*x. Calculate the remainder when 7 is divided by x.
3
Let o(l) = l**2 - l - 5. Calculate the remainder when 58 is divided by o(5).
13
Let z = 50 - 29. Calculate the remainder when 61 is divided by z.
19
Let n(h) = -1 + 24*h**2 + 27*h**2 - 24*h**2 + 21*h**2. What is the remainder when n(1) is divided by 16?
15
Let h(d) = d**2 - 2. Let p be h(2). Let z(a) = a**3 - 4*a**2 + 3*a - 1. Let k be z(p). Let f(m) = -10*m - 4. What is the remainder when f(k) is divided by 7?
5
Let r = 173 - 103. Calculate the remainder when r is divided by 20.
10
Let v(q) be the first derivative of 3*q**2 + 2*q - 4. What is the remainder when v(3) is divided by 11?
9
Let s(w) = -w**3 - 3*w**2 - 3*w. Calculate the remainder when (4 - 0 - -20) + 1 is divided by s(-3).
7
Let l(p) = -p + 20. Calculate the remainder when 17 is divided by l(9).
6
Let h be (-3)/(-2) + 57/6. Suppose 4 + h = 5*q. Suppose 2*c - 21 = 3*u, -u = -c - q*u. Calculate the remainder when c is divided by 4.
2
Suppose 6*l + 50 = 2*g + 2*l, 4*l = -2*g + 18. Let v(f) = f**3 - 8*f**2 + 7*f + 9. Calculate the remainder when g is divided by v(7).
8
Let n be 0/(3/(-3)) + 0. Suppose 4*l - 208 = 5*f, n*f + 3*l = f + 46. Let h = f + 58. Calculate the remainder when 52 is divided by h.
16
Suppose -4*q - o + 92 = q, -q = 5*o - 28. Suppose 0 = v - 3*v + q. Calculate the remainder when 16 is divided by v.
7
Suppose 0 = -3*y - 2*y + 15. Suppose -f + 0*f = -28. Suppose 6*h - 2*h = f. What is the remainder when h is divided by y?
1
Suppose -7*x + 4*x = -66. Suppose -18 = 2*j + m, -3*m - 14 = -2*j + 3*j. Let u(a) = -a**2 - 9*a - 2. What is the remainder when x is divided by u(j)?
4
Suppose -41 - 49 = -15*u. What is the remainder when 15 is divided by u?
3
What is the remainder when 30 is divided by ((-231)/(-22))/((-3)/(-2))?
2
Let c = 54 - 12. Let i = -6 + 17. What is the remainder when c is divided by i?
9
Suppose 2*d + 2*d + 8 = 0. Let t(y) = -8*y - 3. Let j = 13 + -8. What is the remainder when t(d) is divided by j?
3
Suppose -4*q + 82 - 7 = 3*o, -4*o + 20 = 0. What is the remainder when 15 is divided by q?
0
Suppose -2*u + 52 = -110. Calculate the remainder when (-428)/(-18) - (-18)/u is divided by 9.
6
Let f = -22 + 47. Calculate the remainder when f is divided by 7.
4
Let h(x) = 15*x - 4. Calculate the remainder when h(4) is divided by 15.
11
Suppose -18*s = -14*s - 56. Calculate the remainder when s is divided by 4.
2
What is the remainder when 152 is divided by 9/3 + (-112)/(-4)?
28
Suppose 4*f - 138 = -a, -5*f - 69 = 4*a - 247. Suppose 8*q = 3*q + t + 43, -6 = -3*t. What is the remainder when f is divided by q?
7
Let q(z) = z**3 - 4*z**2 + 4*z + 1. Let k be q(3). Suppose 449 = k*a - 335. Suppose 5*x + a = 4*p + 2*x, 0 = x. What is the remainder when p is divided by 17?
15
Let s = -60 + 85. Let c = -14 + s. Let i(z) = -2*z + 2. What is the remainder when c is divided by i(-2)?
5
What is the remainder when 22 is divided by ((-2)/6)/((-4)/60)?
2
Suppose 0 = -4*d - d + 190. Calculate the remainder when d is divided by -1 - -22 - 4 - -3.
18
Let w = 18 + -13. Suppose -w*u + 155 = -0*u. What is the remainder when u is divided by 8?
7
Let n be 28/(-5) + 16/(-40). Let u = 16 + n. What is the remainder when 18 is divided by u?
8
Let y be (1 - -2)*492/9. Suppose 92 + y = 4*w. What is the remainder when w is divided by 13?
12
Suppose -3*t + 16 = 4*a, 2*a + 3*a - 21 = -4*t. Calculate the remainder when 13 is divided by t.
1
Suppose -5*g + 240 = -2*k + 52, -5*g = -k - 184. Suppose -o + 11 = 2*c - 22, 2*c - 3*o - 53 = 0. Calculate the remainder when g is divided by c.
17
Let q(u) = -u - 1 + 1 - 5. Let f(j) = -j**2 + 14*j + 19. Calculate the remainder when f(14) is divided by q(-10).
4
Let s(q) = 15*q**2 + 4*q + 2. Calculate the remainder when 61 is divided by s(-1).
9
Let b be 1/5 + (-58)/(-10). What is the remainder when 62 is divided by (b - 9)/(6/(-64))?
30
Let z be 400/(-18) - 2/(-9). Let s = -14 - z. Suppose 3*y - 2 - 7 = 0. Calculate the remainder when s is divided by y.
2
Let q = 70 - 35. Calculate the remainder when q is divided by 2/3*459/17.
17
Suppose 0*g = 2*g - 156. What is the remainder when 25 is divided by ((-2)/(-3))/(4/g)?
12
Let t = 20 + -23. Let i(h) = h**2 + 2*h + 3. Calculate the remainder when 16 is divided by i(t).
4
Suppose 3*s + 232 = 2*o + 2*o, 5*o = 2*s + 150. What is the remainder when 6 is divided by (2/(-4))/(10/s)?
2
Let l(t) be the second derivative of -t**4 + 13/6*t**3 + t + 9/2*t**2 + 0 + 1/20*t**5. Calculate the remainder when l(11) is divided by 11.
9
Calculate the remainder when 68 is divided by 14/(-3 + -1 - -5).
12
Let w(q) = q + 11. Let v be w(-5). Let g = 65 - v. What is the remainder when g is divided by 20?
19
Let i(g) be the third derivative of g**5/10 + g**3/6 + g**2. What is the remainder when 19 is divided by i(-1)?
5
Suppose x = -i + 2, 2*x - i - 5 = 5. Suppose 20 = -2*p + x*p - 4*l, l = 5. Let v = -12 + p. Calculate the remainder when 13 is divided by v.
5
Let b(w) = 16*w - 37. Calculate the remainder when b(13) is divided by 29.
26
Let f = 50 - 43. Suppose 2*a - 41 = -3. What is the remainder when a is divided by f?
5
What is the remainder when 111 is divided by 5/(25/(-20))*(0 + -7)?
27
What is the remainder when (-4)/16 + 1 + 327/12 is divided by 10?
8
Let l(h) = -h**3 - 9*h**2 - 3*h + 4. What is the remainder when l(-9) is divided by 11?
9
Let g = -20 - -28. What is the remainder when 14 is divided by g?
6
Let k = 28 - 16. Calculate the remainder when k is divided by 5.
2
Let a(l) be the first derivative of -l**4/4 - l**3 + 2*l**2 - 2*l - 2. What is the remainder when a(-5) is divided by 10?
8
Suppose 4*r + 3*u - 37 = 0, 14 = r - 0*r - 4*u. What is the remainder when 34 is divided by r?
4
Let h(x) = -5*x - 4. Let z(w) = -w**2 + w + 46. Calculate the remainder when z(0) is divided by h(-4).
14
Let c(h) = -h**2 + 4*h - 4. Let d be c(3). Let w = 1 - d. Calculate the remainder when (9/(-5))/((-24)/80) is divided by w.
0
Suppose -280 = -4*u - 4*j, -2*j = -5*u + 3*j + 350. Calculate the remainder when u is divided by 18.
16
Let s(y) = 43*y**2 + 2. Calculate the remainder when s(-2) is divided by 35.
34
Let h be 1/(-4) - (-27)/(-4). Let s(b) = -10*b - 3. Calculate the remainder when s(h) is divided by 13 - ((-34)/8 - 1/(-4)).
16
Let w(h) = h**2 - 5*h - 37. What is the remainder when w(-9) is divided by 32?
25
Let g = 38 + -9. Let q = -40 - -15. Calculate the remainder when g is divided by ((-4)/(-10))/((-1)/q).
9
Let g = 30 + 31. Calculate the remainder when g is